n(-1).
3
Let r(s) = 70*s**2 - 2 + 11*s - 69*s**2 - 16*s. Give r(5).
-2
Let g(a) = a**3 + a**2 - a - 1. Let l(f) be the first derivative of -3*f**4/4 - 2*f**3/3 + f**2 + 8*f + 3. Let c(k) = 4*g(k) + l(k). Determine c(-3).
1
Let j(h) = -h - 1. Let n be j(-1). Let r = 10 + -5. Let d(t) = n - t**2 + 1 - r*t - 2 - 4. Give d(-4).
-1
Let v be (-1 + (2 - 0))*-9. Let h = 14 + v. Let m(i) be the third derivative of i**6/120 - i**5/10 + i**4/8 + i**3 - 2*i**2. Determine m(h).
-4
Let c be ((4 + -7)/3)/(-8). Let l(v) be the third derivative of 0 + c*v**4 - 1/60*v**5 + 0*v - 2*v**2 + 1/3*v**3. What is l(3)?
2
Let w(n) = n**2 - 1. Let u = -26 - -24. Determine w(u).
3
Let k(o) be the second derivative of o**4/12 + 7*o**3/6 + o**2/2 + 2*o. Give k(-4).
-11
Let m be 2 - (3 - 3) - 8. Let t(j) = -j**3 - 7*j**2 - 4*j + 6. Determine t(m).
-6
Let j(a) = 2*a**2 + a - 17. Let r(h) = h**2 + h - 8. Let k(b) = -2*j(b) + 5*r(b). Let v(i) = -i**2 - 8*i - 17. Let n be v(-6). What is k(n)?
4
Let y(c) = 2*c + 2. Let b = -1 + 1. Let a be b + 0 + 4 + -1. Suppose 0 = q - 4, a*q - 10 = 2*g - q. Determine y(g).
8
Let v(n) = 2 + 3*n**2 - 4*n**2 + 0*n + n. Let z be 2 - (0 + 36/(-2)). Suppose -15 = m - 5*l, 4*l - z = m - 8. Give v(m).
2
Let v(t) = 0*t**2 - 6*t - 5 - t**3 - 3*t + 9*t**2 + 2*t. Determine v(8).
3
Let s(z) = -4*z**2 - 4*z + z**2 - 2*z + 2*z**2. Give s(-4).
8
Suppose f - 8 = -f. Let d(p) be the first derivative of p**2/2 + p - 3. What is d(f)?
5
Let p(m) = -2*m. Let t be p(-1). Let r be 4 + 3/(-6)*t. Let q(k) = 2*k**r + 9*k - k**3 - 8*k + 6 + 5*k**2. Calculate q(-5).
1
Let w(x) be the first derivative of 2*x**2 - x + 12. Let y be -1*(1 - (1 - 1)). Calculate w(y).
-5
Let x(r) = -5*r + 2. Let f(u) = u**2 + u - 1. Let z(c) = -2*f(c) - x(c). Give z(2).
-2
Let s = 6 + -4. Let k(v) = v**2 - v + 0*v - 1 + 5*v**s - v. Determine k(-1).
7
Let c(i) = -i**2 - 4*i - 1. Let u be c(-5). Let b(t) = t - 3. Give b(u).
-9
Let m(t) = -3*t**3 - 4*t**2 + 7*t + 4. Let r(o) = -4*o**3 - 5*o**2 + 8*o + 5. Let w(u) = -3*m(u) + 2*r(u). Give w(-3).
4
Suppose -4*t - 16 = 2*i, 0*i = -3*i - 2*t - 24. Let y be (-60)/i*8/10. Let v(m) = 2 + m**3 + 8*m - 5 - y*m**2 - 2*m. Calculate v(5).
2
Let p(k) = k**2 + 2*k + 1. Let a(u) = -4*u - 1. Let s be a(0). Give p(s).
0
Let j(s) be the second derivative of -1/2*s**2 + 1/4*s**4 + 1/6*s**3 - 3*s + 0. What is j(-2)?
9
Let a(c) be the first derivative of -2 + 1/2*c**2 + c. Let t = 3 - 7. Determine a(t).
-3
Suppose 0 = -3*x - 3, 0 = 3*h + 2*x - 3*x + 14. Let g(r) = -r**3 - 4*r**2 + 2*r - 4. Determine g(h).
11
Suppose -2*y - 2 = 0, -2*f + 4*y = -y - 19. Let g = -5 + f. Suppose 5*v = g*v. Let a(p) = p**2 - p + 1. Determine a(v).
1
Let t(o) = o**2 - 1. Let v(s) = -s. Let w(g) = t(g) - 2*v(g). Let a be w(-3). Let u(c) = -1 + 2*c - 3*c + a*c + c**2. Determine u(-3).
5
Let u(t) = -t - 8*t + 1 + 3*t. Suppose 5*d = 0, 3*d + 0*d = q + 12. Let r be (1 - 4) + q/(-3). What is u(r)?
-5
Let d = -3 - -1. Let z(y) = y**2 - 4*y + 9. Let h(p) = p**2 + 3*p + p**2 - 3*p**2 - 2 - 6. Let s(c) = 7*h(c) + 6*z(c). What is s(d)?
0
Let k(l) = -2*l**3 - 4*l**2 - 2*l + 1. Let h(j) = -j - 8. Let s be h(-6). Let f be (0 - -1) + s/(-1). Let v = f - 5. Determine k(v).
5
Let c = -11 - -15. Let o(f) = -f**2 - f + 3. Give o(c).
-17
Suppose -2*s + 0 - 8 = 0. Let y(w) be the third derivative of 1/2*w**3 + 1/12*w**5 + 0*w - 2*w**2 + 0 + 1/120*w**6 + 1/6*w**4. Determine y(s).
3
Let c(j) = j + 5. Suppose 0*m + 5*m = -75. Let t = 11 + m. Calculate c(t).
1
Suppose 0*t + 4*t = 0. Let n(k) = -k**2 + 2*k - 2*k + 1. Calculate n(t).
1
Let w(q) = -q + 10. Let o(k) = -8*k - k**2 - 1 + 0 - 5 + 0. Let r be o(-6). Calculate w(r).
4
Let q(o) = 3*o**3 - 22*o**2 - 13*o - 18. Let y be q(8). Let c(f) = -7*f**2 + 7*f - 11 + 4 + 0*f**2 + f**3. Give c(y).
-1
Let t = 167 + -167. Let s(g) be the third derivative of t + 1/60*g**5 - 1/12*g**4 + 0*g + 1/6*g**3 - 4*g**2. Give s(2).
1
Let g(n) = 2*n**2 - 4*n + 16. Let r(p) = -p**2 + 5*p - 15. Let u(a) = -2*g(a) - 3*r(a). Determine u(-9).
-5
Let k(v) be the third derivative of v**4/6 + 7*v**3/6 - 57*v**2. Calculate k(-6).
-17
Let x(s) = 11*s**3 - 10*s**2 + 5*s - 4. Let f(m) = 4*m**3 - 3*m**2 + 2*m - 1. Let l(w) = -8*f(w) + 3*x(w). Give l(6).
-10
Let y(t) be the second derivative of t**2 + 1/12*t**4 + 0 + 1/2*t**3 + t. What is y(-3)?
2
Suppose 3*p - 7 = 5. Suppose p*f = -2*k - 2*k + 40, 0 = f + 2*k - 15. Let r(o) = o - 1. What is r(f)?
4
Let s(w) = 3*w + 1 - 2*w + 0 - 11*w**2. Determine s(-1).
-11
Let q(v) = -v + 4*v + 0*v - 2*v. Let t = 1 + -2. Let d(p) = -p**2 - 12*p. Let o(i) = t*d(i) - 6*q(i). Determine o(-5).
-5
Let i(g) = -g**3 - 4*g**2 - g + 2. Let h be i(-3). Let a(w) be the third derivative of w**6/120 + w**5/20 - w**4/6 + w**3/6 - 2*w**2. Calculate a(h).
1
Let d(x) = x**2 + 2*x. Let n(g) = -5*g**2 - 7*g. Let j(p) = 9*d(p) + 2*n(p). Give j(2).
4
Let q(c) be the second derivative of -c**5/120 - c**4/3 - c**3/6 - 2*c. Let s(r) be the second derivative of q(r). Calculate s(-4).
-4
Suppose 4*v + 2*r + 1 = -3, -4*v - 5*r - 10 = 0. Let b(c) = -6 + 12 + v*c + 2*c. Calculate b(-4).
-2
Let j(q) be the first derivative of q**4/8 - q**3/6 + 5*q**2/2 + 5. Let s(i) be the second derivative of j(i). Determine s(-3).
-10
Let k(i) = i + 1. Let z(r) = 2*r. Let l(u) = 3*k(u) - z(u). Give l(-4).
-1
Let k(u) = -u + 7*u**3 - 6*u**3 + 6*u + 6*u**2 - u - 1. Let v = -4 - 1. Determine k(v).
4
Suppose -2*p + 5 + 1 = 0. Let i(a) = -1 - 2*a**2 + p - 9*a + 2*a + a**2. Calculate i(-7).
2
Let g(c) be the third derivative of c**6/120 + c**5/20 - 5*c**4/24 - c**3/6 - 3*c**2. Suppose 4*u - 3*u = -4. Calculate g(u).
3
Let x(f) = 7*f**3 + 13*f**2 + 8*f + 11. Let u(g) = 4*g**3 + 7*g**2 + 4*g + 6. Let b(y) = 5*u(y) - 3*x(y). Calculate b(-3).
0
Suppose -7*v - 9 + 2 = 0. Let l(a) = -a**2 - 3*a + 5. Let f be l(-4). Let r(n) = -1 - 11*n + f. What is r(v)?
11
Let d be 55/(-2) - 3/6. Let u be (-94)/(-18) + d/126. Let v(p) = p - 8. Give v(u).
-3
Suppose -4*y + 2 = -2*y - b, -4*b - 11 = -5*y. Let n be 24/36 - y/3. Let t(d) = 5*d**3 - d**2 - d + 1. Determine t(n).
4
Let z be (-2)/(0 - 6/21). Suppose 0 = -5*k - 2*s + z, -18 = -2*k + 5*s + 8. Let o = k + -1. Let a(w) = w**2 - 2*w + 2. Give a(o).
2
Let c(h) be the third derivative of -5*h**4/24 - h**3/3 - h**2. Let v(f) = -2*f - 8 + 3*f - 4*f + 2*f. Let o be v(-6). Determine c(o).
8
Let u(g) = -g - 6. Let r be u(-5). Let a(l) = 9*l**2 - l. Calculate a(r).
10
Suppose 0 = -4*w + 5 + 3. Let p(y) = 7*y + 6*y + w - 14*y. Give p(5).
-3
Let o = 9 - 1. Suppose -o = -3*c - c. Let a(v) = 2*v**2 + v**2 - 3*v**2 - v - 3*v**c - 2 - v**3. What is a(-2)?
-4
Suppose 0*y + 4*y - 52 = 0. Let s = y - 11. Let f(p) = -2 + 2*p**2 + 3 - 3. Determine f(s).
6
Let n(o) = -o**3 - 4*o**2 - 2*o + 4. Suppose 0 = -m + x + 7, 2*m + 5*x = -0 - 14. Let u be -8 - (-3)/(m/1). Let v = 4 + u. Give n(v).
1
Let m(a) = a**2 - a + 1. Let w(y) = -4*y**2 - y + 2. Let v be w(-2). Let b = -11 - v. Determine m(b).
1
Let w(k) be the first derivative of -k**4/4 - 8*k**3/3 - 7*k**2/2 - 7*k - 17. Give w(-7).
-7
Let x(r) = 7*r + 1 + 5*r - 14*r + 15*r. What is x(-1)?
-12
Let w(z) = -4*z**2 - 3*z + 5*z**2 + z - 4. Give w(-3).
11
Let r(k) = -2*k**3 - 2*k**2 + k - 1. Let x be r(-2). Let l(c) = 0 + x - c + 6. Give l(6).
5
Let n(z) be the third derivative of -2/3*z**3 + 3*z**2 + 0*z + 0 - 1/24*z**4. Let b(f) = 2*f + 1. Let s be b(-3). Give n(s).
1
Let u(r) = -1 + 0 - 6*r - 2 + 2. What is u(1)?
-7
Let j be ((-16)/24)/(2/15). Let r(o) = -o**3 - 6*o**2 - 8*o - 3. Calculate r(j).
12
Suppose 0 = -4*u, -u + 10 = 2*w - 4*w. Let h(n) = -n**3 - 6*n**2 - 3*n + 4. Determine h(w).
-6
Let x(j) = 2*j**2 - 6*j + 1. Let r be x(4). Let q(h) = -h**2 + 9*h - 7. Determine q(r).
-7
Let v(b) be the second derivative of 0 + 0*b**3 + 0*b**2 + 1/4*b**5 + 1/12*b**4 - 9*b. Give v(-1).
-4
Let v(x) = 3*x**2 + x - 2. Let h be 2 + -1 + (-3)/(-1). Suppose -4*o = -2*b - 0*b, 0 = -h*o - 4. Give v(b).
8
Suppose 2*w - 8 = -2*w, 4*g + 3*w = 22. Let r(d) = d**2 + 5. Determine r(g).
21
Let c(k) = 3*k - 4. Let r(z) = -z**3 - z**2 - z + 4. Let x be r(0). Calculate c(x).
8
Let u(f) be the first derivative of -9*f**4/4 - 2*f**3/3 + f**2 - f + 34. Determine u(1).
-10
Let p be (1 + (-10)/6)/((-18)/27). Let u(s) = 21*s**2 - 2*s + 1. Calculate u(p).
20
Let r(c) be the third d